{"id":43,"date":"2018-08-19T18:37:57","date_gmt":"2018-08-19T21:37:57","guid":{"rendered":"http:\/\/lacicor.eba.ufmg.br\/antecipa\/?page_id=43"},"modified":"2018-11-25T13:06:19","modified_gmt":"2018-11-25T15:06:19","slug":"1o-e-antecipa-apresentacao","status":"publish","type":"page","link":"https:\/\/lacicor.eba.ufmg.br\/antecipa\/index.php\/1o-e-antecipa-apresentacao\/","title":{"rendered":"Antecipa 2018 &#8211; Apresenta\u00e7\u00e3o"},"content":{"rendered":"\n<p>A\nANTECIPA  &#8211; Associa\u00e7\u00e3o Nacional de Pesquisa em Tecnologia e Ci\u00eancia\ndo Patrim\u00f4nio foi fundada em 2015 com a finalidade de congregar os\npesquisadores da \u00e1rea, apoiar e fomentar a pesquisa\ntransdisciplinar, a produ\u00e7\u00e3o cient\u00edfica e tecnol\u00f3gica, bem como a\nsistematiza\u00e7\u00e3o, difus\u00e3o e interc\u00e2mbio de informa\u00e7\u00f5es e\nconhecimentos do campo expandido da Ci\u00eancia do Patrim\u00f4nio, a\ncoopera\u00e7\u00e3o t\u00e9cnica e a capacita\u00e7\u00e3o profissional, envolvendo de\nmaneira abrangente os diversos aspectos da preserva\u00e7\u00e3o e pesquisa\ndo Patrim\u00f4nio Cultural.<\/p>\n\n\n\n<p>A Associa\u00e7\u00e3o concluiu o seu registro como pessoa jur\u00eddica em maio de 2018 e realizar\u00e1 em novembro de 2018 o seu 1o. Encontro Nacional.<\/p>\n\n\n\n<p>O\nEncontro da ANTECIPA ser\u00e1 realizado em conjunto com o Simp\u00f3sio\nInternacional Heritage Science: the Role of Research Infrastructures,\npromovido pelo IPERION-CH.<\/p>\n\n\n\n<p style=\"font-size:20px\"><strong>Organiza\u00e7\u00e3o<\/strong><\/p>\n\n\n\n<p><strong>Comiss\u00e3o organizadora <br\/><\/strong>Luiz Souza (UFMG)<br\/>Willi Gon\u00e7alves (UFMG)<br\/>Karla Balzuweit (UFMG)<br\/><strong><br\/><\/strong><\/p>\n\n\n\n<p><strong>Comit\u00ea Cient\u00edfico<br\/><\/strong>Rita Lages (UFMG)<br\/>Thiago Puglieri (UFPel)<br\/>M\u00e1rcia Rizutto (USP)<br\/>Ant\u00f4nio Gilberto Costa (UFMG)<br\/>Willi Gon\u00e7alves (UFMG)<\/p>\n","protected":false},"excerpt":{"rendered":"<p>A ANTECIPA &#8211; Associa\u00e7\u00e3o Nacional de Pesquisa em Tecnologia e Ci\u00eancia do Patrim\u00f4nio foi fundada em 2015 com a finalidade de congregar os pesquisadores da \u00e1rea, apoiar e fomentar a &#8230;<\/p>\n","protected":false},"author":1,"featured_media":0,"parent":0,"menu_order":0,"comment_status":"closed","ping_status":"closed","template":"","meta":{"footnotes":""},"class_list":["post-43","page","type-page","status-publish","hentry"],"_links":{"self":[{"href":"https:\/\/lacicor.eba.ufmg.br\/antecipa\/index.php\/wp-json\/wp\/v2\/pages\/43","targetHints":{"allow":["GET"]}}],"collection":[{"href":"https:\/\/lacicor.eba.ufmg.br\/antecipa\/index.php\/wp-json\/wp\/v2\/pages"}],"about":[{"href":"https:\/\/lacicor.eba.ufmg.br\/antecipa\/index.php\/wp-json\/wp\/v2\/types\/page"}],"author":[{"embeddable":true,"href":"https:\/\/lacicor.eba.ufmg.br\/antecipa\/index.php\/wp-json\/wp\/v2\/users\/1"}],"replies":[{"embeddable":true,"href":"https:\/\/lacicor.eba.ufmg.br\/antecipa\/index.php\/wp-json\/wp\/v2\/comments?post=43"}],"version-history":[{"count":14,"href":"https:\/\/lacicor.eba.ufmg.br\/antecipa\/index.php\/wp-json\/wp\/v2\/pages\/43\/revisions"}],"predecessor-version":[{"id":506,"href":"https:\/\/lacicor.eba.ufmg.br\/antecipa\/index.php\/wp-json\/wp\/v2\/pages\/43\/revisions\/506"}],"wp:attachment":[{"href":"https:\/\/lacicor.eba.ufmg.br\/antecipa\/index.php\/wp-json\/wp\/v2\/media?parent=43"}],"curies":[{"name":"wp","href":"https:\/\/api.w.org\/{rel}","templated":true}]}}